st common factor of 102 and 61034301.
51
Calculate the greatest common divisor of 940797 and 14157.
1287
What is the highest common factor of 85010550 and 800?
50
What is the greatest common divisor of 1666 and 4559303?
49
What is the greatest common factor of 2609 and 5176963039?
2609
What is the greatest common factor of 2992 and 3435938?
374
What is the highest common divisor of 18734854 and 2?
2
Calculate the highest common factor of 2765 and 227570.
35
Calculate the highest common divisor of 72 and 810168.
24
What is the greatest common divisor of 58289257 and 26?
13
Calculate the greatest common factor of 2788 and 3355727.
41
Calculate the greatest common factor of 5992924 and 3500.
28
What is the greatest common factor of 57 and 2646643?
19
What is the greatest common factor of 20428597 and 27683?
1457
Calculate the greatest common factor of 121432549 and 1736.
217
Calculate the highest common divisor of 1707 and 81615084.
1707
What is the highest common factor of 2907220 and 10?
10
Calculate the greatest common divisor of 775406 and 4700.
94
What is the highest common factor of 67 and 88661?
1
Calculate the highest common factor of 10 and 716077450.
10
Calculate the greatest common factor of 165 and 54773631.
33
Calculate the highest common divisor of 14336 and 84472.
8
What is the greatest common divisor of 9 and 1694871?
9
Calculate the highest common factor of 8 and 5763151.
1
What is the greatest common divisor of 6 and 157149906?
6
What is the highest common divisor of 2277296 and 168?
56
Calculate the highest common divisor of 208 and 29484182.
26
What is the highest common divisor of 41604 and 69180?
12
Calculate the greatest common factor of 403120638 and 162.
162
Calculate the highest common factor of 30041966 and 4036.
2018
What is the highest common factor of 5188475 and 222650?
1825
What is the highest common divisor of 19614876 and 636?
636
What is the greatest common divisor of 120 and 1108354440?
120
Calculate the highest common divisor of 70455 and 316826070.
10065
What is the highest common factor of 182749 and 2373?
7
Calculate the greatest common factor of 640511 and 2075.
83
Calculate the highest common divisor of 336132 and 3372.
12
Calculate the greatest common factor of 129222 and 7578.
18
What is the highest common factor of 18 and 3396114?
18
What is the greatest common divisor of 48146 and 1541869?
133
Calculate the greatest common divisor of 108 and 522772.
4
Calculate the greatest common factor of 555335423 and 36665.
7333
What is the greatest common divisor of 153703514 and 5956?
2978
What is the highest common divisor of 672 and 579404?
28
What is the highest common factor of 427 and 5792011?
61
Calculate the highest common divisor of 472463683 and 131.
131
Calculate the highest common factor of 1750 and 19094390.
70
Calculate the highest common factor of 70158 and 1574760.
66
Calculate the highest common divisor of 326989 and 169.
13
What is the highest common divisor of 1127423 and 33?
11
Calculate the highest common factor of 48822330 and 41520.
5190
What is the highest common factor of 2703340 and 272?
68
Calculate the greatest common divisor of 7541360 and 6862990.
8810
Calculate the highest common factor of 179 and 2568827210.
179
What is the greatest common factor of 145152 and 2471?
7
What is the highest common divisor of 937736094 and 2406?
2406
What is the greatest common divisor of 7889 and 145567?
23
Calculate the greatest common divisor of 11408656 and 1736.
56
What is the highest common factor of 5735 and 8941795?
155
Calculate the greatest common factor of 162206 and 3942.
146
Calculate the highest common factor of 278046 and 1216.
38
Calculate the highest common factor of 28963172 and 781.
71
Calculate the highest common factor of 6844 and 669894142.
3422
What is the greatest common factor of 7223 and 16076767?
233
What is the greatest common divisor of 37502592 and 1728?
192
Calculate the greatest common divisor of 9249536 and 19456.
256
Calculate the greatest common divisor of 295480935 and 3555.
3555
Calculate the greatest common factor of 9117564 and 54.
6
Calculate the greatest common factor of 25409526 and 46.
46
Calculate the greatest common divisor of 3072 and 1728640.
128
What is the highest common divisor of 203247100 and 50?
50
Calculate the highest common factor of 2570581 and 295354.
2503
Calculate the greatest common divisor of 113806 and 8118.
22
What is the highest common factor of 6265 and 39455717?
1253
What is the highest common factor of 1 and 3734191?
1
What is the highest common factor of 292040 and 9720?
40
Calculate the highest common factor of 41096745 and 120.
15
What is the highest common factor of 15657 and 24786?
51
What is the highest common factor of 223856 and 33524?
68
What is the greatest common divisor of 12792442 and 2054?
26
Calculate the greatest common divisor of 5614632 and 145.
29
Calculate the highest common divisor of 13 and 250185312.
13
What is the greatest common divisor of 9010876 and 252?
28
Calculate the highest common divisor of 1097683 and 30197333.
7367
What is the highest common divisor of 5 and 79554070?
5
What is the highest common factor of 473795 and 11?
1
Calculate the highest common divisor of 4099113 and 135.
27
What is the highest common factor of 1879917033 and 3849?
3849
Calculate the greatest common factor of 32262848 and 29696.
1856
Calculate the highest common factor of 189286535 and 1780.
445
What is the highest common factor of 101 and 129207684?
101
Calculate the highest common divisor of 362 and 138919853.
181
Calculate the greatest common divisor of 286 and 498751.
11
Calculate the highest common divisor of 1513 and 4911376.
89
Calculate the highest common divisor of 765 and 36948480.
255
Calculate the greatest common factor of 54648 and 10662300.
1188
Calculate the highest common factor of 4189710 and 615.
15
What is the highest common divisor of 611862130 and 14212?
7106
Calculate the highest common factor of 113 and 386976071.
113
What is the greatest common factor of 1268596552 and 16?
8
What is the greatest common divisor of 668825 and 1044230?
4315
Calculate the highest common divisor of 8239740 and 524870.
7190
Calculate the highest common factor of 594 and 1891230.
66
What is the highest common factor of 5739129 and 5808?
33
What is the highest common factor of 9100168 and 1?
1
What is the highest common factor of 14117 and 76439840?
743
Calculate the highest common divisor of 7830 and 644264.
58
Calculate the greatest common divisor of 43195384 and 4176.
232
What is the highest common factor of 62000 and 192331750?
7750
Calculate the highest common divisor of 3355697 and 222451.
4733
Calculate the greatest common factor of 254492 and 3369884.
1708
What is the greatest common factor of 26835676 and 19684?
532
What is the highest common factor of 1058376 and 2964?
228
Calculate the highest common divisor of 148 and 16112686.
74
Calculate the highest common divisor of 84 and 208572180.
12
What is the highest common factor of 23623104 and 320703?
6051
Calculate the greatest common factor of 1862 and 452270.
98
What is the highest common factor of 115 and 56671793?
23
What is the greatest common divisor of 671 and 15104056?
11
Calculate the highest common divisor of 113612 and 412.
4
What is the greatest common factor of 3511352 and 1?
1
Calculate the highest common divisor of 28343275 and 3100.
25
Calculate the greatest common divisor of 3392 and 1126.
2
What is the highest common divisor of 1533 and 839427?
219
Calculate the highest common divisor of 10 and 177127.
1
What is the greatest common divisor of 800 and 2630800?
400
Calculate the highest common factor of 3294 and 181854.
18
Calculate the greatest common factor of 9906 and 23077678.
3302
Calculate the greatest common factor of 182790 and 4023.
27
What is the greatest common factor of 268 and 429859806?
134
Calculate the highest common divisor of 181265 and 10045.
35
What is the greatest common factor of 7189644 and 231?
231
Calculate the greatest common divisor of 313131 and 45171672.
10101
Calculate the greatest common factor of 196758 and 107712.
306
What is the greatest common divisor of 139430 and 657422?
382
What is the highest common factor of 4